 + 35. Is a(-6) a composite number?
False
Let p(d) = -52*d + 3. Let z(f) = 4*f - f + 2 - 2*f - 3. Let q(m) = -p(m) - 6*z(m). Is q(5) a prime number?
True
Is 60468/52 + 4/26 composite?
False
Let c(q) = -26*q + 17. Suppose 3*m - 3*h + 69 = 27, 5*m = h - 50. Let j(d) = 52*d - 34. Let i(x) = m*c(x) - 4*j(x). Is i(12) prime?
False
Let o(j) = -j**3 + 26*j**2 - 32*j + 23. Let y be 1/3*-2 - 952/(-42). Is o(y) a composite number?
True
Let n(d) = -360*d + 1. Let y(x) = 359*x - 1. Let f(q) = -7*n(q) - 6*y(q). Is f(10) composite?
False
Let l(x) = 2*x**2 - 93*x + 75. Is l(-44) composite?
False
Let p(z) be the third derivative of 41*z**7/1260 - z**6/720 - z**5/30 + z**2. Let x(d) be the third derivative of p(d). Is x(1) composite?
False
Let u(x) = 5*x**2 + x + 5. Let j(f) = f**3 - 14*f**2 - 3*f - 14. Let a(w) = -4*j(w) - 11*u(w). Let l be a(-1). Suppose -1923 = -l*c + 2*c. Is c prime?
True
Suppose -4*b = h + 3 - 5, -2*b - 8 = h. Is (57/h)/((-2)/12) prime?
True
Is -6*(-5)/(-15) + (1 - -2310) composite?
False
Suppose 0 = -5*z - 0*z - 120. Let g = z + 71. Is g a composite number?
False
Is 3478 - -19 - 1*-2*1 a prime number?
True
Let j(r) = -r**3 - r**2 - 5*r. Let m be (-5)/5 - (-4)/(-1). Let o be j(m). Suppose 4*l = 8, -o = -5*t + 5*l - 10*l. Is t a prime number?
True
Suppose -4 = 6*t + 134. Let x = t + -1. Is (1626/x)/((-2)/8) a composite number?
False
Let n be (4 - 2)*4/(-16)*-2. Let g(y) = 110*y + 38*y - 34*y - 1. Is g(n) a prime number?
True
Suppose 2*k + 5*u - 46 - 20 = 0, 0 = k + u - 36. Suppose -z - z + k = 0. Is z a composite number?
False
Suppose 20 = 3*j - 4783. Suppose 0 = -2*y + j - 297. Suppose -t - y = -5*t. Is t prime?
True
Let h(a) = -2*a**3 - 9*a**2 - 8*a + 9. Let r(s) = s**2 + 3*s - 26. Let k be r(-6). Is h(k) composite?
False
Suppose -5*b + 55 = -3*a, a + 18 + 19 = 3*b. Let r = b + -25. Is 9 - 12 - (r + 1) composite?
False
Suppose 2*v - 6 = -v. Suppose -v*h - 2*h + 12 = 0. Suppose h*l - 21 - 120 = 0. Is l composite?
False
Let f = -24 - -26. Suppose 0 = s - f*p - p - 365, 3*s - 1147 = -4*p. Is s a composite number?
True
Let h be 4 + 3 - (3 + -1). Is 6/(-2) - (h - 65) composite?
True
Suppose 45*v - 50*v + 43705 = 0. Is v prime?
True
Suppose -4*k - 4 = 0, -3*p + 4*k + 1736 = -p. Is p a prime number?
False
Let x = -6 - -8. Is -7*3*(x + -3) a composite number?
True
Suppose 0 = k - 2. Suppose 4*x - 149 = 5*n, k*n = -3*x + 2*x + 21. Is x composite?
False
Suppose -3*q = -2*q - 26. Suppose 0*o + 10 = 2*o. Let f = o + q. Is f prime?
True
Let t(h) = h**2 + 2*h. Let r be t(-3). Suppose 1613 - 7335 = -5*d + r*q, 4*d - 4*q = 4584. Is d/6 + (-10)/(-15) composite?
False
Is (1 - 1)/(-1 + -1) + 4321 composite?
True
Suppose 4*q = -y + 1249 + 372, -4*q - 4*y + 1612 = 0. Let s(d) = -4*d**2 - 6*d - 3. Let p be s(6). Let l = q + p. Is l a composite number?
False
Let u(a) = 2*a + 21. Let d be u(-8). Suppose -d*f - 5*p + 1815 = 0, p = 6 - 2. Is f prime?
True
Is (-66)/(-11)*(-61)/(-2) a composite number?
True
Let d be (-5 - 246/(-42))/(2/14). Suppose 4*r + d*t - 5*t = 1170, 0 = r - 5*t - 303. Is r composite?
False
Suppose z + 3071 - 12300 = 0. Is z a composite number?
True
Is (1471/2)/(6/12) prime?
True
Suppose 72 = 4*j + 68. Is (-45057)/(-18) + 2/(-13 + j) a prime number?
True
Let h(s) be the first derivative of -s**2 + 11*s - 15. Is h(-10) prime?
True
Suppose 6*u + 2*q = 8*u - 22, 3*u - 35 = q. Suppose -z + u = 3*p, -4*p + 116 = 4*z + 44. Is z composite?
True
Suppose -3*h + 484 = 5*b, 5*b - h = -5*h + 482. Suppose g - 24 = 3*g - 3*c, 2*c + b = -5*g. Is ((-6)/g)/((-1)/(-237)) a composite number?
False
Let l(s) = s**2 - 9*s - 12. Let o be l(12). Suppose 5*g - 44 + o = 0. Suppose -v + 4*t + 271 = 0, v = -g*t + 48 + 199. Is v prime?
False
Let y be -3*12/(-9) + -3. Let s(f) = 2*f**3 - 2*f**2 + f. Let b be s(y). Let h(n) = 653*n. Is h(b) a prime number?
True
Suppose 2*n + d = -2*n + 3797, -n - 4*d = -938. Suppose -x = 5*w - 4*x - n, -4*w + 733 = 3*x. Is w prime?
False
Let q = 45539 + -20400. Is q composite?
True
Suppose -2*a = -5*n - 80 + 34, -n + 69 = 3*a. Let b(s) = 4*s**2 - 36*s + 29. Is b(a) a composite number?
True
Let c(z) = 40*z**3 + 3*z**2 - 3. Let p be c(-1). Let g be -2 - -3*(-4)/6. Is (-2832)/p*(-10)/g a prime number?
False
Let q(t) = -252*t + 6. Let b be q(-2). Suppose -693 = -3*h + b. Is h composite?
False
Suppose 3*o - 3*g = 2*g + 25, -27 = -o - 3*g. Let w be (-12)/o*(-170)/4. Is ((-91)/2)/(-7)*w a composite number?
True
Let t(k) = -k**3 + 3*k**2 + k + 4. Let n be t(4). Let m be (0 - 22/n)*16. Suppose -v - p = -62, -2*v = -v - 5*p - m. Is v composite?
False
Suppose 0 = 40*k - 44*k + 3*p + 51152, -20 = -5*p. Is k a prime number?
True
Suppose 66*p - 64*p = 96766. Is p a composite number?
False
Suppose -44 = -0*d - 2*d. Let b = d - 24. Is ((-422)/(-4))/(b/(-4)) prime?
True
Let m(n) = 79*n**2 + 40*n + 4. Is m(5) composite?
False
Suppose 9*p - 23*p = -112. Suppose 3763 - 14651 = -p*b. Is b prime?
True
Let n = -3534 + 5212. Is n prime?
False
Let r = 58 - 54. Suppose 0 = -h + 269 - r. Is h a prime number?
False
Let v(f) = -2732*f - 13. Is v(-12) composite?
False
Suppose 3*v - 2 = q - 35, -v - 154 = -4*q. Let z = -4 + 27. Suppose q + z = 2*i. Is i a composite number?
False
Let z(p) = -2*p**3 + 10*p**2 + 17*p + 19. Let u(k) = -k**3 + 5*k**2 + 8*k + 9. Let f(j) = 5*u(j) - 2*z(j). Is f(5) composite?
False
Let m = -138 + -452. Let n = m + 1061. Is n prime?
False
Let y = 4753 + -767. Is y a prime number?
False
Let x(n) be the third derivative of n**5/30 + n**4/12 + n**3/3 + 5*n**2. Let f be x(-2). Let b(q) = q**3 - 5*q**2 + 8*q + 5. Is b(f) prime?
True
Is (276512/(-176))/(6/(-33)) a prime number?
True
Suppose -2*u = 5*z + 1205, -z + 4*z = 3*u - 723. Let q = 1340 + z. Is q a prime number?
False
Suppose 0 = -c - 2*s + 16, 0 = c - 4*s - 0*s - 16. Suppose -4*r = c, 6*o - 1932 = 2*o + 2*r. Is o composite?
True
Suppose y + 2*m = 3*m + 3, -2*y = 3*m + 4. Let r be 7 - y/(4/12). Suppose -r*p - p + 1965 = 0. Is p a composite number?
True
Let w(k) = -k**3 - 26*k**2 + 4*k - 58. Let m be w(-27). Let x = -312 + m. Is x a prime number?
True
Suppose 3863 = 9*l + 200. Is l prime?
False
Let a = 11215 + -7946. Is a prime?
False
Is (-2)/(-9) + 83028/108 prime?
True
Let d be 3 + 1 + (-8 - -9). Suppose d*b - 7014 = -594. Suppose g - b = -3*g. Is g prime?
False
Suppose 0*n - 525 = 3*n - 4*s, 0 = -3*n - 5*s - 525. Let p(h) = h**3 - h + 308. Let z be p(0). Let y = z + n. Is y a composite number?
True
Let r(n) = n**3 - 16*n**2 + 16*n - 33. Let a be r(18). Let w = a + -430. Is w a composite number?
True
Suppose -31*w + 66978 + 13901 = 0. Is w prime?
True
Let c(h) = 2*h**2 - 7*h - 2. Let u be 11 - (0/4)/(-2). Is c(u) a composite number?
False
Let k = 5 + -3. Suppose -k*m = -m - 2*h - 136, -m = 5*h - 164. Let n = -53 + m. Is n composite?
True
Let u(d) be the first derivative of -d**5/120 + 79*d**4/24 - 5*d**3/3 + 5. Let t(x) be the third derivative of u(x). Is t(0) prime?
True
Let y be 16/88 + 766/22. Is (-20)/y - 277/(-7) a composite number?
True
Suppose 2*s + 5*l = -0*s - 783, 4*l = 20. Let u = 183 + s. Let r = -22 - u. Is r composite?
False
Let u(p) = -137*p - 4. Let y(v) = 136*v + 3. Let f(h) = 4*u(h) + 5*y(h). Is f(7) a prime number?
False
Suppose 38*u + 221903 = 49*u. Is u a composite number?
False
Let d(x) = -26958*x**3 - x**2 + 17*x + 19. Is d(-1) composite?
False
Let g(h) = -h**2 + 6*h + 5. Suppose -2*d - 2*w - 4 + 18 = 0, 5*d - w - 29 = 0. Let r be g(d). Suppose l + 3*l = -2*i + 132, 55 = l - r*i. Is l composite?
True
Suppose 0 = 2*n + 3*r - 3793, 4*r - 6254 = -3*n - 563. Is n a prime number?
True
Suppose -196 - 292 = -8*v. Suppose -313 = -2*k + v. Is k composite?
True
Suppose 6*h + 47 + 13 = 0. Let d = h + 264. Is d composite?
True
Let m be 3 - (-3 - (-9)/3). Let i be 1 - -41*m/3. Is 3/2*3668/i composite?
False
Let k(q) = 3*q**2 + 8*q + 1. Let z be k(-3). Suppose -4*x + 2558 = -0*r + 3*r, -z*r = -4*x + 2572. Is x composite?
False
Is (-6014)/(-155)*50/4 composite?
True
Let t = -6481 + 10444. Suppose -453 = -6*w + t. Let q = w + -289. Is q a composite number?
True
Suppose 0 = -6*g + 18454 + 22220. Is g a prime number?
True
Let v = 15135 + -8838. Is v composite?
True
Let v(d) = -14*d**3 - d**2 + 2*d + 43. Let p(n) = 5*n**3 - n - 14. Let w(t) = -17*p(t) - 6*v(t). Let x be w(8). Let z = 